 - 479*s**2 - 13496*s - 784. What is d(-30)?
-4
Let k(s) = 43*s**2 + 1815*s + 2117. Determine k(-41).
-15
Let w(k) = -19*k**3 + 54*k**2 - 21*k + 20. What is w(3)?
-70
Let t(b) = -2896*b + 303898. Give t(105).
-182
Let k(b) = -2*b**3 + 11*b**2 + 30*b - 77. Calculate k(6).
67
Let u(s) = 86*s**2 + 925*s + 2208. Calculate u(-7).
-53
Let r(n) = 2*n**2 + 692*n - 21881. What is r(29)?
-131
Let o(z) = -z**3 + 8*z**2 + 296*z + 101. Determine o(-14).
269
Let r(b) = -40534*b + 3566993. Determine r(88).
1
Let c(u) = -580*u - 2154. What is c(-4)?
166
Let m(d) = -3*d**3 - 24*d**2 + 307*d + 780. Determine m(-14).
10
Let d(m) = m**3 - 2156*m**2 + 36372*m - 150. Calculate d(17).
3
Let f(v) = v**2 - 2460*v + 136964. Give f(57).
-7
Let s(h) = 14*h**3 + 296*h**2 + 1470*h - 12. Give s(-8).
4
Let x(c) = -7*c**3 + 37*c**2 + 43*c - 65. Determine x(6).
13
Let s(b) = -5570*b - 116939. Calculate s(-21).
31
Let t(n) = -35025*n - 3607582. Calculate t(-103).
-7
Let n(v) = 10*v**3 - 74*v**2 + 46*v - 167. Determine n(7).
-41
Let q(b) = -b**3 - 233*b**2 - 88*b - 304160. Calculate q(-238).
4
Let w(m) = 45535*m + 1502666. Calculate w(-33).
11
Let z(u) = u**3 + 75*u**2 + 1303*u + 97734. Calculate z(-75).
9
Let l(b) = -10*b**3 - 38*b**2 - 53*b - 21. Calculate l(-2).
13
Let l(u) = -1146*u - 3465. Calculate l(-3).
-27
Let r(g) = -g**2 + 301*g - 20957. Calculate r(103).
-563
Let k(r) = -r**2 - 3*r + 8863. Give k(-98).
-447
Let q(u) = -634*u + 117016. What is q(184)?
360
Let a(p) = 431*p - 21948. Calculate a(51).
33
Let y(i) = -1249*i + 40. Determine y(0).
40
Let g(z) = -46388*z + 1206142. Determine g(26).
54
Let h(v) = -10*v + 445. What is h(45)?
-5
Let j(v) = v**2 + 75*v - 2892. Calculate j(28).
-8
Let s(n) = -3*n**3 - 905*n**2 + 7615*n - 41853. Determine s(-310).
-3
Let i(y) = -762*y - 2010. Determine i(-3).
276
Let u(d) = 289*d**3 + 3*d**2 - 1. Determine u(-1).
-287
Let a(x) = x**3 + 70*x**2 + 529*x + 263. What is a(-8)?
-1
Let o(i) = 302*i - 129861. Determine o(430).
-1
Let k(f) = -f**3 - 121*f**2 + 1547*f + 45. Determine k(-133).
6562
Let v(q) = q**3 + 63*q**2 + 1310*q + 8331. Determine v(-12).
-45
Let l(v) = -20852*v + 729802. What is l(35)?
-18
Let l(g) = -101*g**3 - 604*g**2 + 2034*g + 12122. Determine l(-6).
-10
Let o(q) = q**3 - 808*q**2 - 5701*q - 16. Determine o(-7).
-44
Let a(s) = -21*s**2 - 131*s + 1089. Determine a(-11).
-11
Let j(u) = -14*u**2 - 909*u - 14758. What is j(-31)?
-33
Let x(m) = -99*m - 7113. Calculate x(-123).
5064
Let u(p) = p**3 + 171*p**2 + 6263*p + 473. Determine u(-53).
-4
Let p(c) = 308*c - 1443. Determine p(5).
97
Let t(a) = 15*a**3 - 23*a**2 - 72*a - 21. What is t(-3)?
-417
Let y(w) = 2260*w - 108407. What is y(48)?
73
Let g(p) = p**3 + 173*p**2 + 1771*p - 1785. Determine g(-162).
-3
Let h(a) = a**3 - 183*a**2 + 7831*a - 10468. Give h(65).
-3
Let t(o) = 25*o**2 + 1682*o - 10981. Calculate t(6).
11
Let d(k) = -49*k**2 + 88*k - 461. What is d(6)?
-1697
Let j(b) = -5*b**2 - 2253*b + 39736. Determine j(17).
-10
Let s(g) = g**3 - 151*g**2 + 592*g - 1332. Calculate s(147).
-744
Let g(s) = -s**3 + 6*s**2 + 4764*s - 23810. What is g(5)?
35
Let z(q) = -17800*q - 34854. Calculate z(-2).
746
Let q(r) = -61*r**2 - 261*r + 314. Give q(1).
-8
Let r(j) = -j**3 + 678*j**2 + 442*j + 160932. Calculate r(679).
9
Let q(o) = 1271*o + 508953. Give q(-400).
553
Let m(h) = -h**3 + 48*h**2 - 2101*h + 21399. Calculate m(13).
1
Let q(t) = -3*t**3 - 1101*t**2 + 4465*t - 20. What is q(4)?
32
Let y(m) = 333*m**2 - 4106*m + 4897. Calculate y(11).
24
Let s(t) = -t**3 + 7*t**2 + 218*t + 687. What is s(-9)?
21
Let q(n) = n**3 + 81*n**2 + 1236*n - 80. Calculate q(-20).
-400
Let m(f) = 6*f**2 - 582*f + 1331. Give m(95).
191
Let x(m) = -20*m - 1750. Give x(-132).
890
Let t(p) = p**2 - 160*p + 3176. Determine t(137).
25
Let y(j) = 3*j**3 + 1569*j**2 + 1577*j + 5736. Give y(-522).
-6
Let o(g) = 2*g**3 + 159*g**2 + 320*g - 2. Give o(-2).
-22
Let v(c) = c**2 - 2060*c + 162174. What is v(82)?
-22
Let w(h) = -h**2 - 13*h + 1894. What is w(38)?
-44
Let s(z) = -56*z**3 + 2*z**2 - 168*z - 334. Determine s(-2).
458
Let u(i) = i**3 + 824*i**2 - 9172*i - 134. Calculate u(11).
9
Let r(f) = f**2 + 30517*f + 152569. Determine r(-5).
9
Let c(z) = 2*z**2 - 4322*z + 505129. What is c(124)?
-47
Let w(z) = 2*z**3 + 214*z**2 - 1354*z + 136. What is w(-113)?
-90
Let g(i) = -103*i**2 + 1458*i - 208. Determine g(14).
16
Let t(m) = -m**2 + 314*m - 10908. Calculate t(275).
-183
Let k(j) = 18*j**2 - 2269*j + 2269. What is k(1)?
18
Let a(v) = -1781*v + 22. Determine a(0).
22
Let t(b) = -b**2 + 10347*b - 617206. Give t(60).
14
Let y(w) = w**3 - 182*w**2 + 7346*w + 17953. Determine y(119).
-16
Let g(j) = 2031*j + 8203. Calculate g(-4).
79
Let h(a) = a**3 - 133*a**2 - 54*a - 10714. Calculate h(134).
6
Let z(g) = 2*g**3 - 517*g**2 - 2699*g - 311. Calculate z(-5).
9
Let x(l) = -l**3 - 13*l**2 - 309*l - 2754. Give x(-9).
-297
Let h(q) = q**3 - 108*q**2 + 786*q + 15. Determine h(8).
-97
Let r(p) = -900*p + 2704. Determine r(3).
4
Let g(m) = 16912*m + 879445. Give g(-52).
21
Let o(r) = r**3 + 55*r**2 + 505*r - 5291. Determine o(-23).
22
Let y(c) = 6477*c - 19647. Determine y(3).
-216
Let r(p) = 5860*p + 164077. What is r(-28)?
-3
Let h(o) = -12726*o - 1030801. Determine h(-81).
5
Let p(s) = 116891*s - 818428. Calculate p(7).
-191
Let k(z) = -60063*z - 180178. Determine k(-3).
11
Let b(r) = -r**3 + 318*r**2 - 668*r - 87240. Determine b(315).
15
Let y(l) = -1882*l - 36497. What is y(-19)?
-739
Let q(a) = -614*a - 8606. What is q(-14)?
-10
Let g(m) = 250*m + 23805. Give g(-95).
55
Let x(n) = -n**2 + 164*n + 20687. What is x(-85)?
-478
Let g(o) = 3389*o - 10167. Give g(3).
0
Let g(i) = -10*i**3 + 1876*i**2 - 1128*i + 818. What is g(187)?
-304
Let n(p) = -52*p**2 - 346*p - 24. Calculate n(-7).
-150
Let c(o) = o**3 + 23*o**2 - 479*o + 890. Calculate c(-36).
1286
Let n(y) = -1046*y + 70779. Calculate n(70).
-2441
Let h(z) = 1162*z**3 + 3*z**2 + 125*z + 121. Determine h(-1).
-1163
Let t(j) = 40509*j + 324083. Give t(-8).
11
Let p(d) = 15*d**2 + 5861*d - 52686. What is p(9)?
1278
Let d(q) = 45458*q**2 - 636411*q + 31. Calculate d(14).
45
Let n(u) = 81*u**2 - 4449*u + 4438. What is n(1)?
70
Let l(w) = -496*w**2 - 3304*w + 3. Give l(-7).
-1173
Let o(n) = -9*n**2 - 879*n + 4391. Give o(5).
-229
Let l(k) = -368056*k - 69194527. What is l(-188)?
1
Let n(s) = 3043*s - 2963874. What is n(974)?
8
Let z(i) = 3519*i + 580649. Calculate z(-165).
14
Let q(b) = -2*b**3 - 16*b**2 - 512*b - 3409. Give q(-7).
77
Let o(t) = t**3 + 129*t**2 + 244*t - 1520. Give o(-127).
-250
Let a(k) = -9133*k + 1854002. What is a(203)?
3
Let s(m) = -321*m + 19622. Calculate s(56).
1646
Let h(u) = -780*u**2 + 162271*u - 6453. What is h(208)?
-5
Let p(f) = -1770*f + 12495. What is p(7)?
105
Let y(h) = 5*h**2 + 3290*h + 6534. What is y(-656)?
-26
Let h(k) = k**3 + 203*k**2 - 1032*k + 1592. What is h(-208)?
-72
Let j(z) = -7*z**2 + 279*z - 285. What is j(39)?
-51
Let j(o) = 30*o**2 + 7105*o - 21311. Give j(3).
274
Let p(u) = u**3 + 8*u**2 - 89*u - 725. What is p(-7)?
-53
Let c(k) = -k**3 - 130*k**2 - 357*k + 92. What is c(-127)?
-2956
Let m(u) = -2*u**2 + 53*u + 4367. What is m(-42)?
-1387
Let s(d) = -516*d**2 - 81529*d - 159. What is s(-158)?
-1
Let r(k) = 3*k**2 - 250*k + 4807. What is r(29)?
80
Let h(w) = -87*w**2 - 8163*w + 1404. Determine h(-94).
-6
Let y(u) = 2820*u + 380369. Determine y(-135).
-331
Let g(u) = 2*u**2 - 147*u - 581. What is g(77)?
-42
Let j(w) = -10*w**2 - 145*w - 455. What is j(-12)?
-155
Let q(t) = 43*t**2 - 216*t - 616. Determine q(-2).
-12
Let p(d) = -28462*d + 8424754. Determine p(296).
2
Let a(h) = -18*h**3 + 228*h**2 + 139*h + 32. Give a(14).
-2726
Let c(d) = -d**3 - 16*d**2 - 679*d - 11924. Give c(-17).
-92
Let g(z) = -z**3 + 266*z**2 - 107*z + 28390. What is g(266)?
-72
Let q(u) = -u**2 + 160*u - 1115. Calculate q(155).
-340
Let v(i) = -2*i**2 + 15*i + 1610. Determine v(-25).
-15
Let m(v) = -40*v**2 + 5259*v + 178618. Determine m(-28).
6
Let c(n) = 2*n**3 - 210*n**2 - 17170*n - 329. Give c(159).
-11
Let q(r) = -235761*r + 1886094. Give q(8).
6
Let y(f) = -f**3 + 74*f**2 + 420*f - 326. Give y(-6).
34
Let i(w) = -112*w**3 + 64*w**2 + 5*w - 24. Determine i(3).
-2457
Let a(n) = -14*n**3 - 867*n**2 + 47*n - 154. Give a(-62).
776
Let 